3 - -1185?
1188
In base 3, what is 101212111210 - 0?
101212111210
In base 15, what is c6de1 + -1?
c6de0
In base 13, what is -355907 + 1?
-355906
In base 13, what is 4 - 4791?
-478a
In base 5, what is 14411241 - -20?
14411311
In base 12, what is -3 + -20b32?
-20b35
In base 2, what is 11 - -1110101111101110?
1110101111110001
In base 13, what is 1 + 1346?
1347
In base 7, what is -5 - 11403404?
-11403412
In base 5, what is -12020 + -120120?
-132140
In base 2, what is 110100111110 + -10010?
110100101100
In base 14, what is -566 - 1c?
-584
In base 10, what is 49435 + -3?
49432
In base 12, what is 4 + 269a98?
269aa0
In base 15, what is 41 - 30?
11
In base 3, what is -100012 + -20120?
-120202
In base 12, what is -5 - -644b1?
644a8
In base 11, what is -41a - -2772?
2353
In base 16, what is -95 + 133c?
12a7
In base 10, what is 4 - 97277?
-97273
In base 4, what is -12 + 23033111?
23033033
In base 15, what is 175e - 285?
14c9
In base 4, what is 2 + 1012230?
1012232
In base 7, what is 1401 + -2326?
-625
In base 16, what is 1 + 1ca09?
1ca0a
In base 3, what is -111110212222 + 11?
-111110212211
In base 6, what is 30 - 25110?
-25040
In base 9, what is 1846 - -474?
2431
In base 14, what is 5 + -1133c?
-11337
In base 12, what is -158 + -2a48?
-2ba4
In base 10, what is -83840 - 2?
-83842
In base 15, what is -629 + -1c5?
-7ee
In base 5, what is 1030 + 33420?
40000
In base 9, what is 2372 - 20?
2352
In base 14, what is 4323 - 51?
42b2
In base 6, what is -3 + 212112?
212105
In base 11, what is 0 + 2a5a6?
2a5a6
In base 6, what is -11224 - 313?
-11541
In base 13, what is -4333 - 4?
-4337
In base 9, what is 20156 + -17?
20138
In base 3, what is -1120 - 10022111?
-10101001
In base 13, what is -770 + -351?
-ac1
In base 6, what is 5045053 - 4?
5045045
In base 15, what is 1d427a + -4?
1d4276
In base 2, what is 1 - -10100101111?
10100110000
In base 16, what is -1be + 2a8?
ea
In base 4, what is -202331 - -11323?
-131002
In base 12, what is -354271 - -3?
-35426a
In base 13, what is -52 - 32b7?
-3339
In base 14, what is 2147 - 11?
2136
In base 2, what is 1110110101001111 - -100?
1110110101010011
In base 4, what is -21132002 + 10?
-21131332
In base 10, what is 124339 - 4?
124335
In base 5, what is 4 + -301233?
-301224
In base 11, what is 1353 - 12a3?
60
In base 5, what is 23 + -114010?
-113432
In base 6, what is 5 - 50113?
-50104
In base 14, what is 2 + 244c?
2450
In base 13, what is -449 + 1a4?
-275
In base 13, what is 161 - -595?
726
In base 11, what is -5 + 789a?
7895
In base 13, what is 43 - 1322?
-12ac
In base 12, what is 4 - -a387?
a38b
In base 6, what is -4 + -43334?
-43342
In base 6, what is 24120 + -5?
24111
In base 3, what is -10102 + -1222220?
-2010022
In base 4, what is 200102321122 - 1?
200102321121
In base 7, what is -4 + 5613005?
5613001
In base 16, what is 2e08b + -1?
2e08a
In base 3, what is -112 - 1102212010?
-1102212122
In base 15, what is -16 + -236e?
-2385
In base 2, what is -1011 + -110100000101111?
-110100000111010
In base 10, what is -125843 + -4?
-125847
In base 2, what is 11001 - 110011111011?
-110011100010
In base 11, what is -11 - -181a8?
18197
In base 15, what is -5 + 2018?
2013
In base 13, what is -32 - 3249?
-327b
In base 15, what is -32e - 1?
-330
In base 11, what is 1321 + -22?
12aa
In base 5, what is -4 + 10234030?
10234021
In base 3, what is 120112021 - 2?
120112012
In base 5, what is 11 + 11333422?
11333433
In base 6, what is 1544 + -25?
1515
In base 13, what is 5712 + 27?
5739
In base 12, what is -14 - b69?
-b81
In base 8, what is 24 + -2243?
-2217
In base 13, what is -410 + -713?
-b23
In base 16, what is -8841c + -5?
-88421
In base 6, what is 411 - 35130?
-34315
In base 8, what is 50 + -131074?
-131024
In base 16, what is -6 - 1af?
-1b5
In base 4, what is -11 + 32301332?
32301321
In base 11, what is 512 - -a1?
603
In base 16, what is -5 - -23baf?
23baa
In base 13, what is 12391 + -5?
12389
In base 8, what is -22101 - -5?
-22074
In base 14, what is 15664 + 17?
1567b
In base 4, what is -12110013222 - 3?
-12110013231
In base 6, what is -43 + 2112203?
2112120
In base 14, what is c - d03?
-cd5
In base 6, what is -24 + -223214?
-223242
In base 8, what is 502 - -756?
1460
In base 7, what is -62153 - 1?
-62154
In base 14, what is 1cd4 + -4?
1cd0
In base 12, what is -47 - 2b925?
-2b970
In base 9, what is -1873 + 2530?
546
In base 3, what is 202211002100 + -21?
202211002002
In base 14, what is 4 + 336d6?
336da
In base 15, what is -29 - 12174?
-1219d
In base 16, what is -15d63 + 0?
-15d63
In base 3, what is -10201 + 121020?
110112
In base 13, what is 346 - -1645?
198b
In base 12, what is -726a - -4?
-7266
In base 15, what is 33c0 - a4?
331b
In base 7, what is 0 + -14165?
-14165
In base 10, what is -63644 - 0?
-63644
In base 14, what is 3bb - a2?
319
In base 4, what is 23 + 13333130?
13333213
In base 10, what is -412 - -488?
76
In base 2, what is 11000 + 10110010100?
10110101100
In base 15, what is -417 + 151?
-2b6
In base 8, what is 1101430 + 1?
1101431
In base 16, what is -6b - -5ad4?
5a69
In base 4, what is 1003 + -111323?
-110320
In base 5, what is 430 + -1134?
-204
In base 4, what is -1 + 32212332?
32212331
In base 3, what is 2120001 - 2110120?
2111
In base 7, what is -40415 - 1124?
-41542
In base 7, what is -142232 + 22?
-142210
In base 3, what is 21202210 - -211?
21210121
In base 7, what is -1616 + -1426?
-3345
In base 15, what is -59563 - 4?
-59567
In base 8, what is 4 - 31145?
-31141
In base 4, what is 12212132 - -131?
12212323
In base 5, what is -1402 - 10313?
-12220
In base 12, what is 0 + 4b36?
4b36
In base 9, what is -2024 - -212?
-1712
In base 8, what is -364 + -4131?
-4515
In base 5, what is 2 - 214341044?
-214341042
In base 3, what is 10102011212 - -11?
10102012000
In base 4, what is -1001101132 + 10?
-1001101122
In base 7, what is 3301652 + 1?
3301653
In base 16, what is -14 - -1b571?
1b55d
In base 2, what is -1010100010000 - 111101?
-1010101001101
In base 11, what is 37834 - 3?
37831
In base 11, what is -12 + 129170?
129159
In base 5, what is -1 + -14432113?
-14432114
In base 9, what is 72 - -4523?
4605
In base 15, what is -6e18 + 5?
-6e13
In base 9, what is -344237 - 1?
-344238
In base 13, what is 2 + 4a36?
4a38
In base 12, what is -b54 + -a73?
-1a07
In base 14, what is 56236 + 2?
56238
In base 5, what is 2243030 - 101?
2242424
In base 15, what is -6 + -5095?
-509b
In base 15, what is -3 + 7d15?
7d12
In base 6, what is 11 - 110430?
-110415
In base 5, what is 223 + -11213132?
-11212404
In base 8, what is 114024 - 3?
114021
In base 16, what is -d - 16880?
-1688d
In base 15, what is 3 + -33e86?
-33e83
In base 12, what is -a0 - 806?
-8a6
In base 5, what is -222333 + -1?
-222334
In base 11, what is 1 - a808?
-a807
In base 6, what is -144143 - 5?
-144152
In base 13, what is 5 + -616b?
-6166
In base 6, what is -1444053 + 10?
-1444043
In base 16, what is 4e + -645?
-5f7
In base 7, what is -3303 - -51?
-3222
In base 16, what is 4 - 3f82f?
-3f82b
In base 3, what is 2012102 + 12201?
2102010
In base 11, what is 5 - -19486?
19490
In base 9, what is 4880 + -2?
4877
In base 9, what is 61 - -1414?
1475
In base 10, what is -11 + 1167?
1156
In base 8, what is -24 - 17714?
-17740
In base 10, what is -1657 - -26?
-1631
In base 11, what is -3 + -42467?
-4246a
In base 9, what is 23 + 1314?
1337
In base 9, what is -42 - 32602?
-32644
In base 4, what is 11301 - -1331?
13232
In base 2, what is 101011 + 100001010011111?
100001011001010
In base 8, what is 165523 - -5?
165530
In base 2, what is 100101 - -11011100001?
11100000110
In base 11, what is -9 + -4424?
-4432
In base 6, what is -110 + -315?
-425
In base 10, what is -10366 - -6?
-10360
In base 13, what is -29 + -704?
-730
In base 16, what is 17c - 23?
159
In base 11, what is -19 + 1525?
1507
In base 5, what is 10 - 30003141?
-30003131
In base 7, what is -3 - 125150?
-125153
In base 7, what is 445 + -32621?
-32143
In base 11, what is -77 + -19555?
-19621
In base 14, what is 3 - -61049?
6104c
In base 12, what is -5 - 1788?
-1791
In base 16, what is 1 + 397d?
397e
In base 13, what is 178 - -14c?
2c7
In base 15, what is 837 - 1e?
818
In base 2, what is -101 + 101011000000010?
101010111111101
In base 13, what is -5ab + -4?
-5b2
In base 5, what is -141232030 + -4?
-141232034
In base 2, what is -1000 - 1011